018?
5
What is the hundreds digit of 15443?
4
What is the units digit of 25032?
2
What is the ten thousands digit of 5661705?
6
What is the tens digit of 93430?
3
What is the hundred thousands digit of 2267963?
2
What is the tens digit of 223635?
3
What is the hundreds digit of 2315281?
2
What is the millions digit of 33172733?
3
What is the thousands digit of 485068?
5
What is the units digit of 777413?
3
What is the thousands digit of 2176481?
6
What is the units digit of 3573193?
3
What is the thousands digit of 7392197?
2
What is the hundred thousands digit of 1104732?
1
What is the hundreds digit of 110245?
2
What is the ten thousands digit of 226058?
2
What is the tens digit of 194365?
6
What is the tens digit of 479261?
6
What is the millions digit of 4338116?
4
What is the tens digit of 2276952?
5
What is the ten thousands digit of 61386?
6
What is the hundreds digit of 2234776?
7
What is the hundred thousands digit of 527921?
5
What is the tens digit of 3870615?
1
What is the tens digit of 425382?
8
What is the hundred thousands digit of 2998230?
9
What is the millions digit of 1906418?
1
What is the hundreds digit of 3599894?
8
What is the hundreds digit of 184411?
4
What is the hundreds digit of 2612188?
1
What is the thousands digit of 158322?
8
What is the hundreds digit of 121493?
4
What is the ten thousands digit of 12210636?
1
What is the hundreds digit of 4876731?
7
What is the hundred thousands digit of 2470907?
4
What is the millions digit of 5016554?
5
What is the hundred thousands digit of 211001?
2
What is the hundred thousands digit of 426716?
4
What is the hundreds digit of 163798?
7
What is the hundred thousands digit of 669688?
6
What is the hundred thousands digit of 709465?
7
What is the millions digit of 7946358?
7
What is the units digit of 927?
7
What is the ten thousands digit of 5419619?
1
What is the millions digit of 5082916?
5
What is the hundreds digit of 972734?
7
What is the thousands digit of 1374103?
4
What is the millions digit of 3796598?
3
What is the millions digit of 1443532?
1
What is the tens digit of 68715?
1
What is the units digit of 2073547?
7
What is the thousands digit of 195219?
5
What is the hundreds digit of 523439?
4
What is the thousands digit of 185104?
5
What is the hundreds digit of 5848981?
9
What is the hundreds digit of 249580?
5
What is the tens digit of 75132?
3
What is the hundred thousands digit of 2149110?
1
What is the ten thousands digit of 4268352?
6
What is the units digit of 2690730?
0
What is the tens digit of 203918?
1
What is the hundred thousands digit of 3826856?
8
What is the units digit of 2546700?
0
What is the ten thousands digit of 4381621?
8
What is the hundred thousands digit of 575744?
5
What is the thousands digit of 19971676?
1
What is the millions digit of 10498524?
0
What is the thousands digit of 3789?
3
What is the thousands digit of 1022411?
2
What is the millions digit of 33580479?
3
What is the thousands digit of 310135?
0
What is the tens digit of 28319?
1
What is the thousands digit of 202190?
2
What is the units digit of 2503309?
9
What is the hundreds digit of 15276532?
5
What is the thousands digit of 233907?
3
What is the hundred thousands digit of 475441?
4
What is the hundred thousands digit of 29970472?
9
What is the ten thousands digit of 487166?
8
What is the ten thousands digit of 112744?
1
What is the thousands digit of 848603?
8
What is the ten millions digit of 24430240?
2
What is the tens digit of 162565?
6
What is the ten thousands digit of 3275081?
7
What is the hundreds digit of 920713?
7
What is the hundreds digit of 894076?
0
What is the ten thousands digit of 1960375?
6
What is the tens digit of 1997898?
9
What is the thousands digit of 286261?
6
What is the thousands digit of 166182?
6
What is the ten thousands digit of 7412245?
1
What is the units digit of 1701410?
0
What is the tens digit of 2618570?
7
What is the thousands digit of 68185?
8
What is the units digit of 350688?
8
What is the hundreds digit of 66634?
6
What is the ten thousands digit of 401408?
0
What is the ten thousands digit of 50545?
5
What is the units digit of 182676?
6
What is the tens digit of 13092759?
5
What is the millions digit of 2689252?
2
What is the tens digit of 44098?
9
What is the millions digit of 2654012?
2
What is the ten thousands digit of 1601478?
0
What is the ten thousands digit of 125699?
2
What is the units digit of 314797?
7
What is the thousands digit of 479825?
9
What is the millions digit of 2875201?
2
What is the ten thousands digit of 156720?
5
What is the tens digit of 252432?
3
What is the hundred thousands digit of 12718065?
7
What is the thousands digit of 3550779?
0
What is the ten thousands digit of 581435?
8
What is the tens digit of 5846483?
8
What is the hundred thousands digit of 11233147?
2
What is the millions digit of 5169470?
5
What is the ten thousands digit of 23766?
2
What is the hundred thousands digit of 133042?
1
What is the tens digit of 616132?
3
What is the hundreds digit of 9422954?
9
What is the ten thousands digit of 689479?
8
What is the tens digit of 156827?
2
What is the hundreds digit of 12184?
1
What is the hundred thousands digit of 1908105?
9
What is the ten thousands digit of 263278?
6
What is the thousands digit of 88392?
8
What is the thousands digit of 288756?
8
What is the tens digit of 14938512?
1
What is the hundreds digit of 351709?
7
What is the hundreds digit of 31739?
7
What is the thousands digit of 83644?
3
What is the thousands digit of 19256970?
6
What is the ten thousands digit of 2422296?
2
What is the ten thousands digit of 60954?
6
What is the thousands digit of 191803?
1
What is the tens digit of 27108974?
7
What is the tens digit of 14546?
4
What is the millions digit of 7605187?
7
What is the units digit of 8523540?
0
What is the ten thousands digit of 506216?
0
What is the ten thousands digit of 2283837?
8
What is the hundred thousands digit of 139516?
1
What is the thousands digit of 8262479?
2
What is the hundred thousands digit of 196023?
1
What is the units digit of 2286887?
7
What is the units digit of 730981?
1
What is the millions digit of 2024449?
2
What is the ten thousands digit of 178404?
7
What is the millions digit of 1340480?
1
What is the millions digit of 4617375?
4
What is the ten millions digit of 11544116?
1
What is the millions digit of 24347094?
4
What is the millions digit of 4006932?
4
What is the tens digit of 1934?
3
What is the units digit of 154651?
1
What is the tens digit of 6979559?
5
What is the hundreds digit of 170936?
9
What is the thousands digit of 2976355?
6
What is the hundred thousands digit of 1793898?
7
What is the thousands digit of 4819496?
9
What is the tens digit of 12978505?
0
What is the hundreds digit of 59081?
0
What is the hundreds digit of 750299?
2
What is the units digit of 3906279?
9
What is the ten thousands digit of 1078027?
7
What is the hundred thousands digit of 799997?
7
What is the tens digit of 8057599?
9
What is the hundred thousands digit of 172173?
1
What is the millions digit of 7852157?
7
What is the thousands digit of 558997?
8
What is the ten thousands digit of 52480?
5
What is the ten thousands digit of 5532776?
3
What is the hundred thousands digit of 1834812?
8
What is the thousands digit of 225761?
5
What is the hundred thousands digit of 16928614?
9
What is the units digit of 3767290?
0
What is the hundred thousands digit of 787595?
7
What is the hundreds digit of 73545?
5
What is the units digit of 206706?
6
What is the hundred thousands digit of 1792572?
7
What is the hundreds digit of 30049?
0
What is the tens digit of 1052887?
8
What is the tens digit of 17507652?
5
What is the units digit of 273943?
3
What is the millions digit of 1272725?
1
What is the hundred thousands digit of 907059?
9
What is the millions digit of 8025655?
8
What is the ten thousands digit of 8951848?
5
What is the thousands digit of 17527284?
7
What is the hundred thousands digit of 307402?
3
What is the ten thousands digit of 2165760?
6
What is the tens digit of 416668?
6
What is the ten millions digit of 25954838?
2
What is the ten thousands digit of 225862?
2
What is the hundred thousands digit of 4817499?
8
What 